{"id":721,"date":"2024-02-08T23:38:37","date_gmt":"2024-02-08T22:38:37","guid":{"rendered":"https:\/\/elvira-mentaltraining.de\/?page_id=721"},"modified":"2024-07-28T15:56:06","modified_gmt":"2024-07-28T13:56:06","slug":"agb","status":"publish","type":"page","link":"https:\/\/elvira-mentaltraining.de\/?page_id=721","title":{"rendered":"Allgemeine Gesch\u00e4ftsbedingungen"},"content":{"rendered":"\n<h2 class=\"wp-block-heading\"><strong>Qualit\u00e4t des Berufstandes<\/strong><\/h2>\n\n\n\n<p>Elvira Klenner verpflichtet sich zur fachgerechten Erbringung der Leistung nach den qualitativen Standards ihres Berufsstandes.<\/p>\n\n\n\n<h2 class=\"wp-block-heading\"><strong>Anmeldung und Zahlungsvereinbarung<\/strong><\/h2>\n\n\n\n<p>Anmeldungen k\u00f6nnen telefonisch, per Brief, E-Mail, Internet mit Formblatt oder auch formlos erfolgen. Ihre Daten werden f\u00fcr interne Zwecke gespeichert. Mit der Zusendung der Anmeldebest\u00e4tigung erfolgt auch die Zusendung der Rechnung, die gem\u00e4\u00df der aufgef\u00fchrten Zahlungsbedingungen zu begleichen ist. Nur fristgerecht eingegangene Zahlungen berechtigen zur Teilnahme. Ein Nichterscheinen oder nur zeitweise Teilnahme an einer Veranstaltung berechtigt nicht zur Seminarpreisminderung.<\/p>\n\n\n\n<h2 class=\"wp-block-heading\"><strong>Stornierungsbedingungen f\u00fcr Teilnehmer:innen von offen buchbaren Seminaren<\/strong><\/h2>\n\n\n\n<p>Abmeldungen m\u00fcssen schriftlich erfolgen. Bei einer schriftlichen Abmeldung bis drei Wochen vor dem Veranstaltungsbeginn wird eine Bearbeitungsgeb\u00fchr von 50,00 \u20ac erhoben. Danach wird die gesamte Teilnahmegeb\u00fchr f\u00e4llig. Dies gilt auch im Krankheitsfall oder anderen pers\u00f6nlichen Gr\u00fcnden. Wir verweisen auf die M\u00f6glichkeit einer Seminar-R\u00fccktrittsversicherung bei Versicherungsgesellschaften. Die Teilnehmer:innen nehmen zur Kenntnis, dass dem Veranstalter keine Schadensersatzanspr\u00fcche gestellt werden k\u00f6nnen, wenn eine Veranstaltung durch unvorhergesehene wirtschaftliche oder politische Ereignisse, durch Absage von Referent\/Innen oder allgemein durch h\u00f6here Gewalt erschwert oder verhindert wird. Weiterhin wird die die Absage von Veranstaltungen, bei z.B. zu geringer Teilnehmerzahl (sp\u00e4testens eine Woche vor Beginn) vorbehalten. Bei Absage einer Veranstaltung wird die erhobene Teilnahmegeb\u00fchr umgehend erstattet. Erstattung entstandener Reisekosten und \u00c4hnliches sind ausgeschlossen.<\/p>\n\n\n\n<h2 class=\"wp-block-heading\"><strong>Stornierungen f\u00fcr Firmen und Organisationen<\/strong><\/h2>\n\n\n\n<p>Auftr\u00e4ge an Elvira Klenner zur Durchf\u00fchrung von Personal- und Organisationsentwicklungsma\u00dfnahmen sind bindend. Bei Nicht-Durchf\u00fchrung oder vorzeitigem Abbruch ist der volle Rechnungsbetrag f\u00e4llig. Selbstverst\u00e4ndlich k\u00f6nnen Anmeldungen auf einen anderen Mitarbeiter des Unternehmens \u00fcbertragen werden.<br><br>Einzeltermine m\u00fcssen mindestens 2 Werktage vorher per E-Mail oder Telefon abgesagt werden. Falls die Absage sp\u00e4ter erfolgt, wird unabh\u00e4ngig von den Gr\u00fcnden ein Bereitstellungshonorar in H\u00f6he von 75% des urspr\u00fcnglich f\u00e4lligen Honorars in Rechnung gestellt.<\/p>\n\n\n\n<h2 class=\"wp-block-heading\"><strong>Stornierungen von Seiten Elvira Klenner<\/strong><\/h2>\n\n\n\n<p>Wir behalten uns vor, auch best\u00e4tigte Veranstaltungen aus organisatorischen oder sonstigen wichtigen Gr\u00fcnden (z.B. bei geringer Teilnehmerzahl) bis zwei Wochen vor Veranstaltungsbeginn abzusagen. Wir bem\u00fchen uns jedoch in diesem Fall, Alternativen anzubieten. Findet eine Veranstaltung aus diesen Gr\u00fcnden nicht statt, wird die vorab gezahlte Geb\u00fchr an den Teilnehmer zur\u00fcck\u00fcberwiesen. Elvira Klenner haftet f\u00fcr keine weiteren Kosten, die in Zusammenhang eines stornierten Kurses anfallen. Bei Ausfall der Veranstaltung &#8211; z.B. bedingt durch h\u00f6here Gewalt &#8211; k\u00f6nnen gegen\u00fcber Elvira Klenner keine Regressanspr\u00fcche geltend gemacht werden.<br><br>Kann Elvira Klenner zur Erbringung von Leistungen wegen h\u00f6herer Gewalt, Krankheit, Unfall oder sonstigen von Elvira Klenner zu vertretenden Umst\u00e4nden nicht einhalten, ist Elvira Klenner berechtigt die Leistung innerhalb von einem Jahr nachzuholen. Falls dies nicht geschieht, besteht Anspruch auf volle R\u00fcckzahlung der Teilnahmegeb\u00fchr. Anspr\u00fcche dar\u00fcber hinaus bestehen nicht.<\/p>\n\n\n\n<h2 class=\"wp-block-heading\"><strong>Datenschutz und Datenspeicherung<\/strong><\/h2>\n\n\n\n<p>Die Teilnehmer von Fortbildungsveranstaltungen erkl\u00e4ren sich mit der Anmeldung einverstanden, dass ihre Adresse an andere Kursteilnehmer desselben Kurses weitergegeben werden darf (Zweck: Fahrgemeinschaften, Informationsaustausch). Sollte die Weitergabe der Adresse nicht gew\u00fcnscht sein, so ist dies schriftlich mitzuteilen.<\/p>\n\n\n\n<p>Elvira Mentaltraining speichert die Daten des Auftraggebers elektronisch im Rahmen des Bundesdatenschutzgesetzes soweit dies gesch\u00e4ftsnotwendig ist.<br><br>Sofern der Auftraggeber nicht m\u00f6chte, dass er als Referenz bei Elvira Mentaltraining erscheint, muss er dies schriftlich mitteilen.<\/p>\n\n\n\n<h2 class=\"wp-block-heading\"><strong>Urheber- und Nutzungsrechte<\/strong><\/h2>\n\n\n\n<p>Der Auftraggeber erkennt das Urheberrecht von Elvira Klenner an. Dies gilt insbesondere f\u00fcr die Fortbildungs- und Beratungsunterlagen, einschlie\u00dflich verwendeter oder zur Verf\u00fcgung gestellter elektronischer Medien (Ton- oder Bildtr\u00e4ger, Dateien).<br><br>Die Nutzungsrechte von Elvira Klenner gehen nur im Rahmen des vereinbarten Zweckes auf den Auftraggeber\/Teilnehmer \u00fcber. Dar\u00fcber hinausgehende Verwertungen (z.B. Vervielf\u00e4ltigungen, Verbreitung von Texten und Daten, Checklisten, Ablaufpl\u00e4nen, Materialien etc.) sind nicht Gegenstand des Vertrages und bed\u00fcrfen der schriftlichen Zustimmung von Elvira Klenner. Die Kursunterlagen sind ausschlie\u00dflich zur pers\u00f6nlichen Verwendung bestimmt.<br><br>Alle Rechte an Arbeiten, Ergebnissen und Dokumenten auf Video, Fotomaterial und anderen Datentr\u00e4gern, die im Rahmen der Seminare entstehen, liegen bei Elvira Klenner. Eine Verwertung des Materials durch den Teilnehmer ist nur nach Absprache m\u00f6glich und bedarf einer schriftlichen Vereinbarung.<br>Der Auftraggeber\/Teilnehmer ist damit einverstanden, dass Elvira Klenner dokumentarisches Foto- und Videomaterial, sowie Arbeitsergebnisse aus den Seminaren in eigenen Publikationen und auf Videotr\u00e4gern (z.B. eingebunden in der Homepage) zu Werbezwecken ver\u00f6ffentlicht und \u00f6ffentlich zug\u00e4nglich macht.<\/p>\n\n\n\n<h2 class=\"wp-block-heading\"><strong>Copyright<\/strong><\/h2>\n\n\n\n<p>Alle Rechte, auch die der \u00dcbersetzung, des Nachdrucks und der Vervielf\u00e4ltigung der Trainingsunterlagen oder von Teilen daraus behalten wir uns vor. Kein Teil der Trainingsunterlagen darf &#8211; auch auszugsweise &#8211; ohne unsere schriftliche Genehmigung in irgendeiner Form &#8211; auch nicht f\u00fcr Zwecke der Unterrichtsgestaltung &#8211; reproduziert, insbesondere unter Verwendung elektronischer Systeme verarbeitet, vervielf\u00e4ltigt, verbreitet oder zu \u00f6ffentlichen Wiedergaben benutzt werden.<\/p>\n\n\n\n<h2 class=\"wp-block-heading\"><strong>Eingetragene Warenzeichen<\/strong><\/h2>\n\n\n\n<p>Wir \u00fcbernehmen keine Gew\u00e4hr daf\u00fcr, dass die erw\u00e4hnten Produkte, Verfahren und sonstige Namen frei von Schutzrechten Dritter sind.<\/p>\n\n\n\n<h2 class=\"wp-block-heading\"><strong>Gerichtsstand<\/strong><\/h2>\n\n\n\n<p>Gerichtsstand ist Pforzheim. Es gilt ausschlie\u00dflich das Recht der Bundesrepublik Deutschland.<\/p>\n\n\n\n<h2 class=\"wp-block-heading\"><strong>Haftung<\/strong><\/h2>\n\n\n\n<p>Die Teilnahme an den Veranstaltung geschieht auf eigene Verantwortung. Bei Ausfall eines Seminars durch Krankheit oder andere von uns nicht zu vertretende Ausf\u00e4lle und h\u00f6here Gewalt besteht kein Anspruch auf Durchf\u00fchrung der Veranstaltung. F\u00fcr Gegenst\u00e4nde die bei Fortbildungsveranstaltungen mitgenommen werden oder f\u00fcr sonstige unmittelbare Sch\u00e4den, Kosten inklusive Verdienstausfall, entgangener Gewinn oder Anspr\u00fcche Dritter, Datenverlust, Reisekosten, Unf\u00e4lle, Folge- und Verm\u00f6genssch\u00e4den jeder Art \u00fcbernehmen wir keine Haftung.<br><br>Haftung &#8211; auch von unseren Erf\u00fcllungsgehilfen &#8211; ist generell auf Vorsatz und grobe Fahrl\u00e4ssigkeit beschr\u00e4nkt und wird der H\u00f6he nach auf den Auftragswert begrenzt. Elvira Klenner haftet weder f\u00fcr mittelbare Sch\u00e4den (z.B. Mangelfolgesch\u00e4den, reine Verm\u00f6genssch\u00e4den oder entgangenen Gewinn) noch f\u00fcr Verlust von Daten und\/oder Programmen. Es werden alle m\u00f6glichen Schadensersatzanspr\u00fcche gegen die Elvira Klenner ausgeschlossen. F\u00fcr die vom Teilnehmer\/Auftraggeber w\u00e4hrend einer Schulung eingebrachten Sachen kann keine Haftung \u00fcbernommen werden.<br><br>Wird in Firmenveranstaltungen ein System des Auftraggebers f\u00fcr die praktischen \u00dcbungen genutzt, erkennt der Auftraggeber an, dass er daf\u00fcr allein verantwortlich ist, dass vor Beginn der Schulung alle geeigneten Ma\u00dfnahmen ergriffen werden, um seine Programme und Systeme gegen einen dauerhaften Verlust abzusichern. Der Auftraggeber erkl\u00e4rt sich weiterhin damit einverstanden, dass Auftragnehmer keinerlei Haftung f\u00fcr den Verlust von Programmen oder Daten auf den Computersystemen des Auftraggebers \u00fcbernimmt, die w\u00e4hrend oder nach der Schulung eintreten.<\/p>\n\n\n\n<h2 class=\"wp-block-heading\"><strong>Schweigepflicht<\/strong><\/h2>\n\n\n\n<p>Elvira Klenner sind hinsichtlich aller ihrer T\u00e4tigkeit bekannt gewordenen Gesch\u00e4fts- und Betriebsgeheimnissen gg\u00fc. Dritten schweigepflichtig. Dies gilt gegen\u00fcber allen dritten Personen, die nicht durch ihre dienstliche T\u00e4tigkeit zur Entgegennahme derartiger Mitteilungen berufen sind. Dies gilt ohne zeitliche Begrenzung auch nach Beendigung des Vertrages.<\/p>\n\n\n\n<h2 class=\"wp-block-heading\"><strong>Schlussbestimmung<\/strong><\/h2>\n\n\n\n<p>F\u00fcr diesen Vertrag und dessen Durchf\u00fchrung gilt ausschlie\u00dflich das Recht der Bundesrepublik Deutschland. Die Teilnahmebedingungen bleiben auch bei rechtlicher Unwirksamkeit einzelner Bestimmungen in ihren \u00fcbrigen Teilen verbindlich. Unwirksame Bedingungen werden durch solche ersetzt, die dem wirtschaftlichen Zweck der unwirksamen am n\u00e4chsten kommen. Von diesem Vertrag abweichende Vereinbarungen sind nur wirksam, wenn sie schriftlich vereinbart werden.<\/p>\n","protected":false},"excerpt":{"rendered":"<p>Qualit\u00e4t des Berufstandes Elvira Klenner verpflichtet sich zur fachgerechten Erbringung der Leistung nach den qualitativen Standards ihres Berufsstandes. Anmeldung und Zahlungsvereinbarung Anmeldungen k\u00f6nnen telefonisch, per Brief, E-Mail, Internet mit Formblatt oder auch formlos erfolgen. Ihre Daten werden f\u00fcr interne Zwecke gespeichert. Mit der Zusendung der Anmeldebest\u00e4tigung erfolgt auch die Zusendung der Rechnung, die gem\u00e4\u00df der [&hellip;]<\/p>\n","protected":false},"author":1,"featured_media":1314,"parent":0,"menu_order":0,"comment_status":"closed","ping_status":"closed","template":"","meta":{"footnotes":""},"class_list":["post-721","page","type-page","status-publish","has-post-thumbnail","hentry"],"_links":{"self":[{"href":"https:\/\/elvira-mentaltraining.de\/index.php?rest_route=\/wp\/v2\/pages\/721","targetHints":{"allow":["GET"]}}],"collection":[{"href":"https:\/\/elvira-mentaltraining.de\/index.php?rest_route=\/wp\/v2\/pages"}],"about":[{"href":"https:\/\/elvira-mentaltraining.de\/index.php?rest_route=\/wp\/v2\/types\/page"}],"author":[{"embeddable":true,"href":"https:\/\/elvira-mentaltraining.de\/index.php?rest_route=\/wp\/v2\/users\/1"}],"replies":[{"embeddable":true,"href":"https:\/\/elvira-mentaltraining.de\/index.php?rest_route=%2Fwp%2Fv2%2Fcomments&post=721"}],"version-history":[{"count":5,"href":"https:\/\/elvira-mentaltraining.de\/index.php?rest_route=\/wp\/v2\/pages\/721\/revisions"}],"predecessor-version":[{"id":1010,"href":"https:\/\/elvira-mentaltraining.de\/index.php?rest_route=\/wp\/v2\/pages\/721\/revisions\/1010"}],"wp:featuredmedia":[{"embeddable":true,"href":"https:\/\/elvira-mentaltraining.de\/index.php?rest_route=\/wp\/v2\/media\/1314"}],"wp:attachment":[{"href":"https:\/\/elvira-mentaltraining.de\/index.php?rest_route=%2Fwp%2Fv2%2Fmedia&parent=721"}],"curies":[{"name":"wp","href":"https:\/\/api.w.org\/{rel}","templated":true}]}}