{"id":1267,"date":"2024-07-28T13:38:00","date_gmt":"2024-07-28T11:38:00","guid":{"rendered":"https:\/\/elvira-mentaltraining.de\/?page_id=1267"},"modified":"2024-07-28T16:08:35","modified_gmt":"2024-07-28T14:08:35","slug":"gaestebuch","status":"publish","type":"page","link":"https:\/\/elvira-mentaltraining.de\/?page_id=1267","title":{"rendered":"G\u00e4stebuch"},"content":{"rendered":"\n<p><\/p>\n\n\n\n<div class=\"wp-block-buttons is-layout-flex wp-block-buttons-is-layout-flex\">\n<div class=\"wp-block-button is-style-outline is-style-outline--1\"><a class=\"wp-block-button__link has-text-align-left wp-element-button\" href=\"https:\/\/elvira-mentaltraining.de\/?page_id=1149\">Deine Stimme hinzuf\u00fcgen<\/a><\/div>\n<\/div>\n\n\n\n<div style=\"height:28px\" aria-hidden=\"true\" class=\"wp-block-spacer\"><\/div>\n\n\n\n<div class=\"wp-block-group\"><div class=\"wp-block-group__inner-container is-layout-constrained wp-block-group-is-layout-constrained\">\n<div class=\"wp-block-group\"><div class=\"wp-block-group__inner-container is-layout-constrained wp-block-group-is-layout-constrained\">\n<div class=\"wp-block-columns alignfull are-vertically-aligned-center is-layout-flex wp-container-core-columns-is-layout-9d6595d7 wp-block-columns-is-layout-flex\">\n<div class=\"wp-block-column is-vertically-aligned-center is-layout-flow wp-block-column-is-layout-flow\" style=\"flex-basis:100%\"><div class=\"strong-view strong-view-id-1 default wpmtst-default\" data-count=16><div class=\"strong-content strong-normal columns-1\"><div class=\"wpmtst-testimonial testimonial post-1596\"><div class=\"wpmtst-testimonial-inner testimonial-inner\"><h3 class=\"wpmtst-testimonial-heading testimonial-heading\">Coaching<\/h3><div    class=\"wpmtst-testimonial-content testimonial-content\"><div class=\"maybe-clear\"><\/div><p>Mit deiner warmen Art hast du uns aufgefangen, gest\u00e4rkt und weitergebracht. Gro\u00dfes Danke f\u00fcr diese tolle Begleitung!<\/p><\/div><div class=\"wpmtst-testimonial-field testimonial-field testimonial-name\">Cigdem<\/div><div class=\"wpmtst-testimonial-field testimonial-field \">21. Februar 2026<\/div><div class=\"clear\"><\/div><\/div><\/div><div class=\"wpmtst-testimonial testimonial post-1591\"><div class=\"wpmtst-testimonial-inner testimonial-inner\"><h3 class=\"wpmtst-testimonial-heading testimonial-heading\">Klangschalenmassage<\/h3><div    class=\"wpmtst-testimonial-content testimonial-content\"><div class=\"maybe-clear\"><\/div><p>Durch die unglaublich einf\u00fchlsame und tolle Art hat mich die liebe Elvira in die Welt der Klangschalen begleitet. Ich habe eine so tolle Klangschalenmassage bekommen. Dies war eine neue Erfahrung f\u00fcr mich. Sehr wohltuend und auch sehr beruhigend. Hinterher habe ich mich wirklich sehr entspannt gef\u00fchlt. Ganz vielen lieben Dank liebe Elvira. \u2764\ufe0f<\/p><\/div><div class=\"wpmtst-testimonial-field testimonial-field testimonial-name\">Esin<\/div><div class=\"wpmtst-testimonial-field testimonial-field \">25. November 2025<\/div><div class=\"clear\"><\/div><\/div><\/div><div class=\"wpmtst-testimonial testimonial post-1589\"><div class=\"wpmtst-testimonial-inner testimonial-inner\"><h3 class=\"wpmtst-testimonial-heading testimonial-heading\">Seminar Mentaltraining &amp; Yoga<\/h3><div    class=\"wpmtst-testimonial-content testimonial-content\"><div class=\"maybe-clear\"><\/div><p>Elvira ist ein au\u00dfergew\u00f6hnlicher und besonders einf\u00fchlsamer Mensch. Die Kombination aus Mentaltraining und Yoga war f\u00fcr mich unglaublich wertvoll. Beides hat sich perfekt erg\u00e4nzt und mir geholfen, noch tiefer in Ruhe, Klarheit und K\u00f6rperbewusstsein zu kommen. W\u00e4hrend des gesamten Trainings habe ich mich sehr wohlgef\u00fchlt. Die Anleitung war verst\u00e4ndlich, wertsch\u00e4tzend und motivierend. Dadurch konnte ich mich gut \u00f6ffnen und intensiv an mir arbeiten. Danke f\u00fcr diese wunderbare Erfahrung.<\/p><\/div><div class=\"wpmtst-testimonial-field testimonial-field testimonial-name\">Andrea Wittig-Kolar<\/div><div class=\"wpmtst-testimonial-field testimonial-field \">19. November 2025<\/div><div class=\"clear\"><\/div><\/div><\/div><div class=\"wpmtst-testimonial testimonial post-1533\"><div class=\"wpmtst-testimonial-inner testimonial-inner\"><h3 class=\"wpmtst-testimonial-heading testimonial-heading\">Eine neue Erfahrung<\/h3><div    class=\"wpmtst-testimonial-content testimonial-content\"><div class=\"maybe-clear\"><\/div><p>Ich war zum ersten Mal bei Elvira zu einer Klangschalenmeditation. Elvira hat mich durch ihre ruhige und einf\u00fchlsame Art sehr beeindruckt. Durch die ganz entspannte Atmosph\u00e4re konnte ich loslassen und f\u00fchlte mich auch anschlie\u00dfend leicht und locker. Danke Elvira<\/p><\/div><div class=\"wpmtst-testimonial-field testimonial-field testimonial-name\">Baumeister, Hildegard<\/div><div class=\"wpmtst-testimonial-field testimonial-field \">9. September 2025<\/div><div class=\"clear\"><\/div><\/div><\/div><div class=\"wpmtst-testimonial testimonial post-1530\"><div class=\"wpmtst-testimonial-inner testimonial-inner\"><h3 class=\"wpmtst-testimonial-heading testimonial-heading\">Wunderbare Erfahrung<\/h3><div    class=\"wpmtst-testimonial-content testimonial-content\"><div class=\"maybe-clear\"><\/div><p>Vor einigen Wochen hatte ich &#8211; dank Dir, liebe Elvira &#8211; mein erstes Erlebnis mit einer Klangschalenmeditation.<br \/>\nEs war f\u00fcr mich absolutes, beeindruckendes und nachhaltiges Seelen-Wellness!<br \/>\nNach der Klangschalenmeditation f\u00fchlte ich mich wunderbar entspannt und in mir ruhend. Dieses Gef\u00fchl ist zur Zeit besonders wertvoll, weil sich vieles im Umbruch befindet.<\/p><p>V\u00f6llig \u00fcberraschend war f\u00fcr mich, dass Elvira anhand der T\u00f6ne der Klangschalen heraush\u00f6rte, dass ich derzeit gesundheitliche Probleme in der linken Hand und Schulter habe.<\/p><p>Liebe Elvira, ich danke Dir von Herzen f\u00fcr diese wunderbare Erfahrung!<\/p><p>Birgit<\/p><\/div><div class=\"wpmtst-testimonial-field testimonial-field testimonial-name\">Birgit Prill<\/div><div class=\"wpmtst-testimonial-field testimonial-field \">16. Juni 2025<\/div><div class=\"clear\"><\/div><\/div><\/div><div class=\"wpmtst-testimonial testimonial post-1529\"><div class=\"wpmtst-testimonial-inner testimonial-inner\"><h3 class=\"wpmtst-testimonial-heading testimonial-heading\">Seminar Work-Life-Balance<\/h3><div    class=\"wpmtst-testimonial-content testimonial-content\"><div class=\"maybe-clear\"><\/div><p>Elvira gab uns Impulse dazu, welche Methoden es gibt, um den Blick auf uns selbst zu richten und im Alltag resilienter zu werden. Mir hat das Seminar sehr gut gefallen und ein bisschen davon ist auch h\u00e4ngengeblieben. Klare Weiterempfehlung.<\/p><\/div><div class=\"wpmtst-testimonial-field testimonial-field testimonial-name\">Ronny Z<\/div><div class=\"wpmtst-testimonial-field testimonial-field testimonial-company\">Atruvia AG<\/div><div class=\"wpmtst-testimonial-field testimonial-field \">16. April 2025<\/div><div class=\"clear\"><\/div><\/div><\/div><div class=\"wpmtst-testimonial testimonial post-1481\"><div class=\"wpmtst-testimonial-inner testimonial-inner\"><h3 class=\"wpmtst-testimonial-heading testimonial-heading\">Mentalni Trening<\/h3><div    class=\"wpmtst-testimonial-content testimonial-content\"><div class=\"maybe-clear\"><\/div><p>U radu s Elvirom dobio sam pravo samopouzdanje temeljeno na svakodnevnom ulaganju.<br \/>\nHvala Elvira<\/p><\/div><div class=\"wpmtst-testimonial-field testimonial-field testimonial-name\">Hasan<\/div><div class=\"wpmtst-testimonial-field testimonial-field \">9. April 2025<\/div><div class=\"clear\"><\/div><\/div><\/div><div class=\"wpmtst-testimonial testimonial post-1480\"><div class=\"wpmtst-testimonial-inner testimonial-inner\"><h3 class=\"wpmtst-testimonial-heading testimonial-heading\">Inspirierendes und tiefgehendes Seminar zur Work-Life-Balance<\/h3><div    class=\"wpmtst-testimonial-content testimonial-content\"><div class=\"maybe-clear\"><\/div><p>Das gestrige Seminar mit Elvira war eine bereichernde Erfahrung. Sie hat uns mit viel Einf\u00fchlungsverm\u00f6gen und Klarheit durch den Tag gef\u00fchrt und uns mit gezielten Fragetechniken einen Spiegel vorgehalten \u2013 auf eine positive und erkenntnisreiche Weise. Besonders beeindruckend fand ich die Fantasiereisen, die uns in einen entspannten, aber kreativen Zustand versetzt haben. Ich konnte viele wertvolle Impulse mitnehmen und hatte einen echten Aha-Moment, der mich sicherlich noch lange begleiten wird. Ein rundum gelungenes Seminar, das ich sehr empfehlen kann!<\/p><\/div><div class=\"wpmtst-testimonial-field testimonial-field testimonial-name\">Alex<\/div><div class=\"wpmtst-testimonial-field testimonial-field \">5. M\u00e4rz 2025<\/div><div class=\"clear\"><\/div><\/div><\/div><div class=\"wpmtst-testimonial testimonial post-1478\"><div class=\"wpmtst-testimonial-inner testimonial-inner\"><h3 class=\"wpmtst-testimonial-heading testimonial-heading\">\u201eDie Fingerfertigkeit der Sprache\u201c<\/h3><div    class=\"wpmtst-testimonial-content testimonial-content\"><div class=\"maybe-clear\"><\/div><p>Liebe Elvira,<\/p><p>ich durfte an Deinem Gruppen-Seminar \u201eDie Fingerfertigkeit der Sprache\u201c teilnehmen.<\/p><p>Sowohl der Seminaraufbau, als auch die vertrauensvolle und entspannte Atmosph\u00e4re haben mich von Anfang an gepackt. In einer sehr aufgeschlossenen Gruppe hat jeder von uns herausgefunden, wann, bzw. wodurch wir getriggert werden, was uns aus der Ruhe bringt und\u2026 wir dem begegnen k\u00f6nnen.<\/p><p>Ich habe bewusst mit meinem Eintrag im G\u00e4stebuch gewartet, um zuvor herauszufinden, wie sich das Erlernte in der Praxis bew\u00e4hrt. Und was soll ich sagen \u2013 Ich bin begeistert.<\/p><p>Ich hatte ein Problem mit der geleisteten Arbeit einer Autowerkstatt und befand mich letztlich in einer Entscheidungsrunde mit drei Teilnehmern des Autohauses. Mir gegen\u00fcber sa\u00dfen die Gesch\u00e4ftsf\u00fchrerin, der Leiter des Kundenservice und der KFZ-Meister, der die Arbeit durchgef\u00fchrt hatte.<\/p><p>Schon allein das Gef\u00fchl \u201egut ger\u00fcstet\u201c zu sein, gab mir eine Grundsicherheit \u2013 so dass ich mich nie aus meinem vorbereiteten Konzept bringen lie\u00df. Zynische Kommentare, Anzweifeln meiner Fachkompetenz (als \u201eNicht KFZ-Mechaniker\u201c) in der Gespr\u00e4chsrunde oder sonstige Floskeln, nichts brachte mich aus dem Gleichgewicht \u2013 ich blieb souver\u00e4n.<\/p><p>Letztlich hat das Autohaus s\u00e4mtliche meiner Forderungen ohne Kostenbeteiligung meinerseits erf\u00fcllt. Diese waren auch berechtigt, jedoch nicht selbstverst\u00e4ndlich.<br \/>\nIch konnte auf Alles entsprechend reagieren \/ entgegnen.<\/p><p>Mein pers\u00f6nliches, rhetorisches Handwerkszeug wurde um Spezialwerkzeug f\u00fcr Feinmechaniker erweitert.<\/p><p>Herzlichen Dank<\/p><\/div><div class=\"wpmtst-testimonial-field testimonial-field testimonial-name\">Martin Karger<\/div><div class=\"wpmtst-testimonial-field testimonial-field \">3. M\u00e4rz 2025<\/div><div class=\"clear\"><\/div><\/div><\/div><div class=\"wpmtst-testimonial testimonial post-1445\"><div class=\"wpmtst-testimonial-inner testimonial-inner\"><h3 class=\"wpmtst-testimonial-heading testimonial-heading\">Mentaltraining<\/h3><div    class=\"wpmtst-testimonial-content testimonial-content\"><div class=\"maybe-clear\"><\/div><p>Elviras Mentaltraining hat mir wirklich geholfen, da Sie mir genau zugeh\u00f6rt hat und pers\u00f6nlich auf meine Probleme eingegangen ist. Die \u00dcbungen waren entspannend und die Umgebung und das Gespr\u00e4ch waren echt angenehm. Besonders froh bin ich, dass ich es dank Ihr geschafft habe, mit dem Fingern\u00e4gelkauen aufzuh\u00f6ren. Bei Elvira f\u00fchlt man sich verstanden und wohl. Kann ich nur empfehlen!<\/p><\/div><div class=\"wpmtst-testimonial-field testimonial-field testimonial-name\">Ilias<\/div><div class=\"wpmtst-testimonial-field testimonial-field \">10. September 2024<\/div><div class=\"clear\"><\/div><\/div><\/div><div class=\"wpmtst-testimonial testimonial post-1443\"><div class=\"wpmtst-testimonial-inner testimonial-inner\"><h3 class=\"wpmtst-testimonial-heading testimonial-heading\">Gruppen-Mentaltraining und pers\u00f6nliche Erfahrungen<\/h3><div    class=\"wpmtst-testimonial-content testimonial-content\"><div class=\"maybe-clear\"><\/div><p>Elvira ist meine Mutter und mich hat ihr Mentaltraining auch schon oft unterst\u00fctzt. Gerade vor meiner Motorrad- und Auto-F\u00fchrerscheinpr\u00fcfung hat sie \u00dcbungen mit mir gemacht, die mein Selbstvertrauen gest\u00e4rkt und meine Aufregung gemindert haben.<\/p><p>Sogar meine Lehrerin hat von ihrem tollen Mentaltraining erfahren, woraufhin meine Mutter eingeladen wurde eine Art ,,Gruppen-Mentaltraining&#8221; f\u00fcr meine Klasse zu f\u00fchren.<br \/>\nEs war wie eine normale und angenehme Unterhaltung, die allen Spa\u00df gemacht hat und uns Mut gemacht hat ganz offen \u00fcber Probleme zu reden und diese zu bew\u00e4ltigen.<\/p><\/div><div class=\"wpmtst-testimonial-field testimonial-field testimonial-name\">Mariella<\/div><div class=\"wpmtst-testimonial-field testimonial-field \">9. September 2024<\/div><div class=\"clear\"><\/div><\/div><\/div><div class=\"wpmtst-testimonial testimonial post-1442\"><div class=\"wpmtst-testimonial-inner testimonial-inner\"><h3 class=\"wpmtst-testimonial-heading testimonial-heading\">Aok Abnehmprogramm<\/h3><div    class=\"wpmtst-testimonial-content testimonial-content\"><div class=\"maybe-clear\"><\/div><p>Liebe Elvira, vielen Dank f\u00fcr dein offenes Ohr und deine liebevolle Unterst\u00fctzung&#8230;. Selbst nach \u00fcber 2 Jahren bin ich immer noch dabei, und habe mir die n\u00e4chsten Meilensteine vorgenommen. Falls ich mal einen Durchh\u00e4nger habe, denke ich immer an deine liebevolle Unterst\u00fctzung&#8230;<br \/>\nDanke f\u00fcr alles und mach so weiter<\/p><\/div><div class=\"wpmtst-testimonial-field testimonial-field testimonial-name\">Heilinger<\/div><div class=\"wpmtst-testimonial-field testimonial-field \">9. September 2024<\/div><div class=\"clear\"><\/div><\/div><\/div><div class=\"wpmtst-testimonial testimonial post-1441\"><div class=\"wpmtst-testimonial-inner testimonial-inner\"><h3 class=\"wpmtst-testimonial-heading testimonial-heading\">Mentaltraining &amp; Tiefenentspannung<\/h3><div    class=\"wpmtst-testimonial-content testimonial-content\"><div class=\"maybe-clear\"><\/div><p>F\u00fcr die Vorbereitungen meiner Pr\u00fcfungen war ich bei Elvira zum Mentaltraining. Ich habe mich sehr wohl und aufgehoben und nach dem Training gest\u00e4rkt gef\u00fchlt. Es ist sch\u00f6n, sich voll und ganz anvertrauen zu k\u00f6nnen.<br \/>\nAls Dankesch\u00f6n f\u00fcr meine Yoga Teilnehmer habe ich Elvira eingeladen, die Teilnehmer in eine Tiefenentspannung zu f\u00fchren. Das Resultat war Spitze.<\/p><p>&nbsp;<\/p><\/div><div class=\"wpmtst-testimonial-field testimonial-field testimonial-name\">Ines<\/div><div class=\"wpmtst-testimonial-field testimonial-field testimonial-company\">Yoga and more Studio<\/div><div class=\"wpmtst-testimonial-field testimonial-field \">8. September 2024<\/div><div class=\"clear\"><\/div><\/div><\/div><div class=\"wpmtst-testimonial testimonial post-1439\"><div class=\"wpmtst-testimonial-inner testimonial-inner\"><h3 class=\"wpmtst-testimonial-heading testimonial-heading\">Mentaltraining nachhaltig<\/h3><div    class=\"wpmtst-testimonial-content testimonial-content\"><div class=\"maybe-clear\"><\/div><p>Elvira ist ein wunderbarer und feinf\u00fchliger Mensch. F\u00fcr das pers\u00f6nlich zugeschnittene Mentaltraining hat sie genau die richtigen Worte f\u00fcr mich und mein Problem gefunden. Die Wirkung hat bei mir direkt eingesetzt, allerdings habe ich erst ein paar Tage sp\u00e4ter realisiert, dass ich meine jahrzehnte alten Verhaltensmuster abgelegt hatte, quasi ein &#8220;reset&#8221; stattgefunden hat.<br \/>\nJe suis bien dans ma peau!<\/p><\/div><div class=\"wpmtst-testimonial-field testimonial-field testimonial-name\">Pia<\/div><div class=\"wpmtst-testimonial-field testimonial-field \">8. September 2024<\/div><div class=\"clear\"><\/div><\/div><\/div><div class=\"wpmtst-testimonial testimonial post-1438\"><div class=\"wpmtst-testimonial-inner testimonial-inner\"><h3 class=\"wpmtst-testimonial-heading testimonial-heading\">Pure Tiefenentspannung<\/h3><div    class=\"wpmtst-testimonial-content testimonial-content\"><div class=\"maybe-clear\"><\/div><p>Ich war bereits mehrmals bei Elvira zur Klangschalenbehandlung. Das ist einfach nur eine Wohltat f\u00fcr K\u00f6rper und Geist. Es wirkt sehr meditativ nur ohne zu meditieren. Man kann sich schnell in diese Entspannung begeben. Elvira f\u00fchrte mich toll und ich f\u00fchlte mich im Anschluss jedesmal erholt, leicht, entspannt und einfach nur zufrieden. Es wirkt auch gegen Schmerzen. Meine R\u00fcckenschmerzen waren im Anschluss wie weg massiert. Dank dem Klang der Klangschalen wei\u00df Elvira, wo sie ansetzen muss. Ist auch f\u00fcr einen selbst sehr interessant zu h\u00f6ren, wie sich der Klang w\u00e4hrend der Behandlung \u00e4ndert, weil bspw. eine Blockade gel\u00f6st wurde. Ist auf jeden Fall sehr zu empfehlen, da es auch sehr effektiv ist und sehr schnell wirkt. Hinzuf\u00fcgen m\u00f6chte ich noch, dass es keine kurzfristige Wirkung ist, sondern eine langanhaltende. Ich war jedenfalls nicht zum letzten Mal bei Elvira. Immer wieder gerne. <\/p><p>Bis bald! \ud83d\ude42<\/p><\/div><div class=\"wpmtst-testimonial-field testimonial-field testimonial-name\">Ani<\/div><div class=\"wpmtst-testimonial-field testimonial-field \">28. August 2024<\/div><div class=\"clear\"><\/div><\/div><\/div><div class=\"wpmtst-testimonial testimonial post-1428\"><div class=\"wpmtst-testimonial-inner testimonial-inner\"><h3 class=\"wpmtst-testimonial-heading testimonial-heading\">Energievoll<\/h3><div    class=\"wpmtst-testimonial-content testimonial-content\"><div class=\"maybe-clear\"><\/div><p>Ich bin zu Anfangs immer sehr skeptisch.<br \/>\nAber bereits in der ersten Stunde, hat Elvira es mit ihrer sehr sympathischen und authentischen Art es geschafft, dass ich total entspannt war, mein Geist so klar war, dass ich an mein Thema mit einer ganz anderen, ruhigen und klaren Energie ran konnte.<br \/>\nWas mich fasziniert hat, dass diese innere St\u00e4rke \u00fcber Tage positiv nachgewirkt hat.<\/p><p>Danke daf\u00fcr \ud83c\udf37<\/p><\/div><div class=\"wpmtst-testimonial-field testimonial-field testimonial-name\">Ranka Sandner<\/div><div class=\"wpmtst-testimonial-field testimonial-field \">3. August 2024<\/div><div class=\"clear\"><\/div><\/div><\/div><\/div><\/div>\n<\/div>\n<\/div>\n<\/div><\/div>\n<\/div><\/div>\n\n\n\n<p><\/p>\n","protected":false},"excerpt":{"rendered":"Deine Stimme hinzuf\u00fcgen CoachingMit deiner warmen Art hast du uns aufgefangen, gest\u00e4rkt und weitergebracht. Gro\u00dfes Danke f\u00fcr diese tolle Begleitung!Cigdem21. Februar 2026KlangschalenmassageDurch die unglaublich einf\u00fchlsame und tolle Art hat mich die liebe Elvira in die Welt der Klangschalen begleitet. Ich habe eine so tolle Klangschalenmassage bekommen. Dies war eine neue Erfahrung f\u00fcr mich. Sehr wohltuend [...]","protected":false},"author":1,"featured_media":1313,"parent":0,"menu_order":0,"comment_status":"closed","ping_status":"closed","template":"","meta":{"footnotes":""},"class_list":["post-1267","page","type-page","status-publish","has-post-thumbnail","hentry"],"_links":{"self":[{"href":"https:\/\/elvira-mentaltraining.de\/index.php?rest_route=\/wp\/v2\/pages\/1267","targetHints":{"allow":["GET"]}}],"collection":[{"href":"https:\/\/elvira-mentaltraining.de\/index.php?rest_route=\/wp\/v2\/pages"}],"about":[{"href":"https:\/\/elvira-mentaltraining.de\/index.php?rest_route=\/wp\/v2\/types\/page"}],"author":[{"embeddable":true,"href":"https:\/\/elvira-mentaltraining.de\/index.php?rest_route=\/wp\/v2\/users\/1"}],"replies":[{"embeddable":true,"href":"https:\/\/elvira-mentaltraining.de\/index.php?rest_route=%2Fwp%2Fv2%2Fcomments&post=1267"}],"version-history":[{"count":11,"href":"https:\/\/elvira-mentaltraining.de\/index.php?rest_route=\/wp\/v2\/pages\/1267\/revisions"}],"predecessor-version":[{"id":1332,"href":"https:\/\/elvira-mentaltraining.de\/index.php?rest_route=\/wp\/v2\/pages\/1267\/revisions\/1332"}],"wp:featuredmedia":[{"embeddable":true,"href":"https:\/\/elvira-mentaltraining.de\/index.php?rest_route=\/wp\/v2\/media\/1313"}],"wp:attachment":[{"href":"https:\/\/elvira-mentaltraining.de\/index.php?rest_route=%2Fwp%2Fv2%2Fmedia&parent=1267"}],"curies":[{"name":"wp","href":"https:\/\/api.w.org\/{rel}","templated":true}]}}