{"id":1106,"date":"2024-07-03T22:08:55","date_gmt":"2024-07-03T20:08:55","guid":{"rendered":"https:\/\/elvira-mentaltraining.de\/?page_id=1106"},"modified":"2025-04-12T23:46:01","modified_gmt":"2025-04-12T21:46:01","slug":"klangschalenmassage-einzelsitzung","status":"publish","type":"page","link":"https:\/\/elvira-mentaltraining.de\/?page_id=1106","title":{"rendered":"Klangschalen-Behandlung"},"content":{"rendered":"\n<p><\/p>\n\n\n\n<hr class=\"wp-block-separator has-alpha-channel-opacity\"\/>\n\n\n\n<p><strong>Klangschalen-Behandlung<\/strong><\/p>\n\n\n\n<p>Die Schallwellen, die von einer Klangschale oder einem Gong ausgesendet werden, haben eine heilende Wirkung. Sie werden von unserem K\u00f6rper wahrgenommen mit dem Ziel, den k\u00f6rperlichen und mentalen Gesundheitszustand zu verbessern. Denn die Kl\u00e4nge und Vibrationen haben eine positive heilende Wirkung auf das Wohlbefinden und die Entspannung des K\u00f6rpers. Dabei spielt die Resonanz eine wichtige Rolle, wobei die Entspannung aufgrund \u00e4u\u00dferer Schwingungen aktiviert wird. Durch eine Klangschale wird eine Frequenz erzeugt, bei der ganz bewusst ein entspannter Zustand ausgel\u00f6st wird. Das kann dazu f\u00fchren, dass Muskeln, Organe oder unser Gewebe ebenfalls in Schwingung versetzt werden. Diese Schwingungen k\u00f6nnen bestimmte Blockaden im K\u00f6rper l\u00f6sen und damit einhergehend den Energiefluss steigern. Die Kl\u00e4nge und Schwingungen der Klangschale f\u00f6rdern die<\/p>\n\n\n\n<ul class=\"wp-block-list\">\n<li>Balance von K\u00f6rper &amp; Geist<\/li>\n\n\n\n<li>Innere Ruhe<\/li>\n\n\n\n<li>Eigene Wahrnehmung<\/li>\n\n\n\n<li>Kreativit\u00e4t<\/li>\n\n\n\n<li>Aktivierung der eigenen Ressourcen<\/li>\n<\/ul>\n\n\n\n<blockquote class=\"wp-block-quote is-layout-flow wp-block-quote-is-layout-flow\">\n<p><strong>\u201eWenn du die Geheimnisse des Universums finden willst, denke in Begriffen von Energie, Frequenz und Vibration.\u201c<\/strong><\/p>\n\n\n\n<p>Nikola Tesla<\/p>\n<\/blockquote>\n\n\n\n<p>Genie\u00dfe die Kl\u00e4nge und Frequenzen, die durch das Zusammenspiel der Resonanz Deines K\u00f6rpers mit der Resonanz der Schallwellen der Klangschale entstehen.<\/p>\n\n\n\n<p>Dank des tiefen, meditativen Zustands, der dabei erreicht wird, entsteht eine wundersch\u00f6ne innerliche Kommunikation \u2013 ganz ohne Worte. Die H\u00f6he der T\u00f6ne sagt aus, wo genau Dein K\u00f6rper Blockaden hat und eine gezielte Behandlung gew\u00fcnscht ist &#8211; individuell auf Dich ausgerichtet.<\/p>\n\n\n\n<figure class=\"wp-block-image size-large\"><img loading=\"lazy\" decoding=\"async\" width=\"885\" height=\"1024\" src=\"https:\/\/elvira-mentaltraining.de\/wp-content\/uploads\/2025\/04\/IMG_20250410_214731-1-885x1024.jpg\" alt=\"\" class=\"wp-image-1520\" srcset=\"https:\/\/elvira-mentaltraining.de\/wp-content\/uploads\/2025\/04\/IMG_20250410_214731-1-885x1024.jpg 885w, https:\/\/elvira-mentaltraining.de\/wp-content\/uploads\/2025\/04\/IMG_20250410_214731-1-259x300.jpg 259w, https:\/\/elvira-mentaltraining.de\/wp-content\/uploads\/2025\/04\/IMG_20250410_214731-1-768x888.jpg 768w, https:\/\/elvira-mentaltraining.de\/wp-content\/uploads\/2025\/04\/IMG_20250410_214731-1-785x908.jpg 785w, https:\/\/elvira-mentaltraining.de\/wp-content\/uploads\/2025\/04\/IMG_20250410_214731-1-355x411.jpg 355w, https:\/\/elvira-mentaltraining.de\/wp-content\/uploads\/2025\/04\/IMG_20250410_214731-1-307x355.jpg 307w, https:\/\/elvira-mentaltraining.de\/wp-content\/uploads\/2025\/04\/IMG_20250410_214731-1-605x700.jpg 605w, https:\/\/elvira-mentaltraining.de\/wp-content\/uploads\/2025\/04\/IMG_20250410_214731-1.jpg 1071w\" sizes=\"auto, (max-width: 885px) 100vw, 885px\" \/><\/figure>\n","protected":false},"excerpt":{"rendered":"<p>Klangschalen-Behandlung Die Schallwellen, die von einer Klangschale oder einem Gong ausgesendet werden, haben eine heilende Wirkung. Sie werden von unserem K\u00f6rper wahrgenommen mit dem Ziel, den k\u00f6rperlichen und mentalen Gesundheitszustand zu verbessern. Denn die Kl\u00e4nge und Vibrationen haben eine positive heilende Wirkung auf das Wohlbefinden und die Entspannung des K\u00f6rpers. Dabei spielt die Resonanz eine [&hellip;]<\/p>\n","protected":false},"author":1,"featured_media":1322,"parent":0,"menu_order":0,"comment_status":"closed","ping_status":"closed","template":"","meta":{"footnotes":""},"class_list":["post-1106","page","type-page","status-publish","has-post-thumbnail","hentry"],"_links":{"self":[{"href":"https:\/\/elvira-mentaltraining.de\/index.php?rest_route=\/wp\/v2\/pages\/1106","targetHints":{"allow":["GET"]}}],"collection":[{"href":"https:\/\/elvira-mentaltraining.de\/index.php?rest_route=\/wp\/v2\/pages"}],"about":[{"href":"https:\/\/elvira-mentaltraining.de\/index.php?rest_route=\/wp\/v2\/types\/page"}],"author":[{"embeddable":true,"href":"https:\/\/elvira-mentaltraining.de\/index.php?rest_route=\/wp\/v2\/users\/1"}],"replies":[{"embeddable":true,"href":"https:\/\/elvira-mentaltraining.de\/index.php?rest_route=%2Fwp%2Fv2%2Fcomments&post=1106"}],"version-history":[{"count":10,"href":"https:\/\/elvira-mentaltraining.de\/index.php?rest_route=\/wp\/v2\/pages\/1106\/revisions"}],"predecessor-version":[{"id":1528,"href":"https:\/\/elvira-mentaltraining.de\/index.php?rest_route=\/wp\/v2\/pages\/1106\/revisions\/1528"}],"wp:featuredmedia":[{"embeddable":true,"href":"https:\/\/elvira-mentaltraining.de\/index.php?rest_route=\/wp\/v2\/media\/1322"}],"wp:attachment":[{"href":"https:\/\/elvira-mentaltraining.de\/index.php?rest_route=%2Fwp%2Fv2%2Fmedia&parent=1106"}],"curies":[{"name":"wp","href":"https:\/\/api.w.org\/{rel}","templated":true}]}}